Suppose g = 4*l + x + 2*x, 5*l + 3*x = 1192. Is l prime?
True
Let u = 33492 - 22975. Is u a prime number?
False
Let a(b) = -2*b**3 - 15*b**2 + 29*b + 29. Is a(-32) a prime number?
True
Let u be -3 + (-5 - (5 - 1934)). Suppose -2*h + 4*b + u = 555, 3*h = b + 2049. Is h a prime number?
True
Let b(z) = z**3 - 5*z**2 - 5*z + 105. Is b(22) a composite number?
True
Let l(c) be the third derivative of c**6/120 - 7*c**5/60 + 5*c**4/24 + 4*c**3/3 + 2*c**2. Let g be l(6). Suppose 0 = -5*h + g*h + 381. Is h prime?
True
Suppose -48067 = -2*j - 5*p, 2*j + 4*p = 5*j - 72089. Is j a prime number?
False
Suppose 3*f + f = 656. Suppose -986 = -2*b + u - 5*u, -2*u = 2*b - 980. Suppose -b = -z - f. Is z composite?
True
Suppose -t + 4*t + 4 = 5*n, 0 = -4*t + 2*n - 10. Let x(b) = b - 8. Let m be x(t). Let y(h) = h + 14. Is y(m) a prime number?
True
Let p = -1407 - -779. Is -3 - -1 - (p + (-5)/1) composite?
False
Suppose 0 = -3*x + 11654 - 119. Is x prime?
False
Let a = 73408 + -40107. Is a prime?
True
Suppose -7*u + 15*u - 34264 = 0. Is u prime?
True
Let b = 50542 - 27291. Is b a composite number?
False
Let j be (-941)/(3 + (-24)/9). Let g = j + 4478. Is g a composite number?
True
Is 373452/24*-4*(-1)/2 prime?
True
Let o = 308 - -551. Is o prime?
True
Suppose -10*p + 148 = -6*p. Suppose 5*b + 5*y - 250 = 0, -b = 3*y - p - 11. Is b prime?
False
Let w(k) = 4*k**2 - 4*k + 3. Let j(c) = -c**2 + 8*c - 9. Let o(i) = -i**2 + 9*i - 10. Let l(x) = -3*j(x) + 2*o(x). Let z be l(5). Is w(z) a prime number?
True
Let j(c) = -c**2 + 11*c + 11. Let w be j(11). Let o = 634 - w. Is o prime?
False
Let p be 0*((-9)/6 + 2). Suppose 2*a + p - 10 = 0. Suppose a*y + 0*y - 35 = 0. Is y a composite number?
False
Is 2/5*(-9395905)/(-194) a prime number?
True
Let u be 0/(40/8) - (-696)/2. Suppose -543 = -3*m + 3*w, 2*m + 0*w = -5*w + u. Is m a prime number?
True
Suppose 320*y - 6387 = 317*y. Is y composite?
False
Let i(q) = -q**2 + 2*q - 1. Let h be i(1). Let f(l) = -l + 1049. Is f(h) composite?
False
Let b(x) = -x**3 + 26*x**2 - 2*x + 52. Let o be b(26). Let q(k) = 3*k + 753. Is q(o) a prime number?
False
Suppose -3*r + 3 = 0, -4*i - 2*r - 2 = -4*r. Let d(k) = 4*k**2 + 15*k + 13. Let t be d(-3). Suppose -3*w = t*f - 479, 2*f - 632 = -4*w - i*w. Is w composite?
False
Let i = 19420 + -11093. Is i a prime number?
False
Suppose -5*m = 3*c - 120, 4*c = 5*m + 6*c - 120. Suppose -2*y = 2*t - 6786, 20*y = m*y - 16. Is t composite?
False
Let w = -46 - -48. Suppose -h = -4*h + 9. Suppose -w*k + 25 = u, -h*k + 20 = -2*k - 2*u. Is k prime?
False
Let p(i) = 3886*i + 183. Is p(4) a composite number?
False
Is ((-381626)/(-26) - -5) + (-3)/(-39) composite?
False
Let z(k) = k**3 + 54*k**2 + 94*k + 54. Is z(-47) composite?
True
Suppose 203 = 3*n - 907. Suppose -x - 13 + 493 = 5*a, -n = -4*a + 2*x. Let w = a + -58. Is w prime?
True
Suppose 5*a = 2*g - 479, -2*g + 489 = -0*g + 5*a. Suppose 0 = k + 3*f - g, 2*k - 475 = f - 4*f. Let j = k - 72. Is j composite?
True
Let u be (-57)/6 - (-6)/4. Let w be (u/(-14))/(10/35). Suppose -j + 2*i + 32 = -0*j, 0 = -w*j - 4*i + 24. Is j prime?
False
Let n(y) = y**2 - 10*y + 8. Let j be n(8). Let g(r) = -56*r - 5. Is g(j) prime?
True
Suppose 121 = 16*z - 5*z. Suppose 3351 = 14*p - z*p. Is p a composite number?
False
Let d = -25 - -15. Let q = d + 14. Suppose 8*k = -3*x + 3*k + 598, 3*x - 593 = -q*k. Is x prime?
True
Let f be 1/(22375/(-11185) + 2). Let z = -1556 - f. Is z prime?
False
Suppose -j - 4*d + 12078 = 0, -93*d = -90*d + 6. Is j prime?
False
Is (2/4)/(52938/26468 + -2) prime?
False
Let b(q) = q**2 - q - 1. Let o be b(1). Is (-1931*3/3)/o prime?
True
Suppose 0 = f - 8 - 2. Let l = f + -5. Suppose 2*i - u - 610 = 0, l*i = -0*u - 2*u + 1525. Is i a composite number?
True
Suppose 4498 + 5540 = 14*b. Is b composite?
True
Is ((-126)/(-12))/(9/21702) a composite number?
True
Let x = -60 - -79. Let h(n) = n**3 - 14*n**2 + 10*n - 18. Is h(x) a prime number?
False
Let j(y) = -5*y**2 - 5*y**2 - 2*y + 9 - 2*y**2 - y**3. Let k be 5*(-14)/(-35) - 14. Is j(k) a prime number?
False
Suppose 3*s = -5*v - 15, -v = 4*s + 5 - 2. Let f(x) = -x**2 + 21. Let o be f(s). Let p = o + 92. Is p a prime number?
True
Let m = 54 + -54. Suppose 2*n - 2*g = 1714, 4*n - 2*g + m*g = 3420. Is n composite?
False
Suppose -4*q + 30 = s, 0*q + 3*s = 2*q - 22. Let w = q + -4. Is (-5)/((4/w)/(-47)) composite?
True
Suppose 3*b + d - 30 = 0, 9 = 5*b + 3*d - 37. Let n = b - -26. Is n a prime number?
True
Let l(x) = 128*x + 54. Let g be l(-5). Let t = g + 2903. Is t prime?
False
Let f = 5 - -3. Suppose -r + 1 = -f. Is r + 20 + 3 + -1 a composite number?
False
Let j be (-24)/8 - 11*1*-10. Let c = j - -282. Is c a prime number?
True
Let i(b) = b + 15. Let k be i(-10). Suppose 4*l - 7*r = -2*r - 1329, 4*r - 1668 = k*l. Let f = -175 - l. Is f prime?
False
Let n = -270 + -261. Let l = n - -748. Is l prime?
False
Let n be (-1848)/(-156) - (-4)/26. Let f be n/(-4) + 4 - -1. Suppose -590 = -5*t - 3*s, 0*t - s + 237 = f*t. Is t a prime number?
False
Let p(r) = 2148*r**2 - 14*r + 27. Is p(5) prime?
True
Let y = -39955 + 108956. Is y prime?
True
Suppose -319298 = -357*n + 343*n. Is n a composite number?
False
Let q(w) = w**3 - 10*w**2 - w + 12. Let z be q(10). Suppose z*b - 6*b = -12. Suppose 0 = 7*v - b*v - 3404. Is v prime?
False
Let o(q) = -1850*q + 203. Is o(-6) composite?
True
Let v be (-4)/18 + 20240/(-45) + 4. Let y = -157 - v. Is y composite?
True
Suppose -85*p - 479 = -86*p. Is p a composite number?
False
Suppose -1160 = 3*a - 23645. Is a a composite number?
True
Let u(o) = 8*o**2 - o - 5. Let a = -26 + 28. Let m = -6 + a. Is u(m) prime?
True
Let n = 3940 - 507. Is n prime?
True
Let c be (-6)/(1305/438 - 3). Suppose -5*r = -6*r + c. Let j = 705 - r. Is j a prime number?
False
Let s = -1250 + 1751. Is s composite?
True
Suppose -4*b = 2*y - 4*y + 14, -b = 5*y - 24. Suppose y*q = 3*a - 53 - 0, -2*a = -q - 33. Is 2/(-8) + 1268/a a prime number?
True
Let m(r) = 0 + 17*r + 43*r - 2. Let o = -2 + 3. Is m(o) composite?
True
Suppose -l + 15 = -55. Suppose 410 = -2*t + 1394. Suppose 0 = -2*w - l + t. Is w a composite number?
False
Suppose 7 = s - 3*o, -8 = -4*s - 2*o + 6. Suppose 0 = c + 5*b - 0*b + 1, 3*c - s*b - 16 = 0. Suppose 5*r - 3450 = -c*k, 2*r + 0*r - 3*k = 1403. Is r prime?
False
Is 26422*(2*(-1)/2)/(-2) prime?
False
Let b(m) = -7787*m - 438. Is b(-29) a prime number?
False
Let q = 20 - 21. Is 0 + 0 + (q - -4) + 71 composite?
True
Let h be ((-1)/(-2))/((-2)/(-5972)). Is h/13 + (-26)/(-169) a composite number?
True
Suppose -23*d + 10196 = -13057. Is d a composite number?
True
Let d(i) be the first derivative of 35*i**3/3 + 3*i**2 + 6*i + 9. Is d(-2) a composite number?
True
Suppose -m = 4, -2*w + 2*m + 8258 = 8. Is w prime?
False
Let g(f) = 2*f**2 + f - 1. Let i be g(1). Let s(u) = u**3 - 3*u**2 - u + 3. Let j be s(i). Is (j/3)/(2/(-446)) prime?
True
Let x(n) = 2*n**3 - n**2 + 4*n + 6. Suppose 4*t - 1 = 19. Is x(t) composite?
False
Let w = 162 + -114. Suppose -210 = -3*l - w. Suppose h + 2*v - 57 = 0, -38 - l = -h + 5*v. Is h a composite number?
False
Let q = -42 - -64. Is 1250/8*q - (-2)/(-4) composite?
True
Is ((-10)/(120/15462))/((-3)/4) a prime number?
False
Let g = 275 + 209. Suppose 0 = 6*z - g - 9224. Is z a prime number?
False
Let d(u) = -u**3 + 28*u**2 + 46*u - 11. Is d(26) a prime number?
False
Let x(g) = 4*g**2 + 19*g + 38. Is x(-9) a prime number?
True
Let s be (2 + 2)/(-1 - -3). Suppose -2*g + 2*p - p + 404 = 0, 5*g = 2*p + 1009. Suppose -z + g = s*z. Is z composite?
False
Let w(o) be the first derivative of 3*o**3 - 2*o**2 - 7*o - 2. Let q be w(-6). Suppose -3*c + q = -1066. Is c composite?
True
Suppose 41*d - 48*d + 65086 = 0. Is d a prime number?
False
Suppose 4*o = -f + 22, 4*f - 8*f = -5*o + 17. Suppose 652 = o*g - 4*d - 3787, -2658 = -3*g - 3*d. Is g prime?
True
Let i be (208/24)/(((-4)/(-69))/(-2)). Let w = i - -2278. Is w a composite number?
False
Let m(p) = 75*p**2 - 4*p + 3. Let l be m(2). Let c = -104 + l. Is c composite?
False
Let p = 14 + 52. Suppose 0*c + 4*i + 2942 = 5*c, 8 = 4*i. Is (c/(-3))/((-44)/p) prime?
False
Let l(a) = a**3 - a - 3. Let p be l(2). Suppose -3*i = -8 + 2. Suppose p*q + 5*t = q + 65, -2 = i*t. Is q composite?
True
Let t = 12 + -4. Suppose -t*l + 12 = -2*l. Suppose